nd 68?
68
Let l(z) = -3 + 6*z - 2 - 2. Let v be l(7). What is the greatest common factor of v and 14?
7
Suppose -2*a - 3*q = 25, 5*a - 4*q + 120 = -0*q. Let n = -19 - a. Calculate the highest common divisor of n and 9.
1
Let y = 474 + -451. What is the highest common factor of y and 46?
23
Suppose 3*g - 2*g = -3. Let h be (4/(-20) - g)*55. Calculate the greatest common factor of 14 and h.
14
Let i = 16 - -44. Calculate the highest common divisor of 480 and i.
60
Let m = 287 + -21. What is the greatest common factor of m and 76?
38
Suppose 5*n - 4 = -4. Let v = n + 16. Calculate the highest common factor of 2 and v.
2
Suppose -5*x + 10 = 4*q, x = 3*x - 5*q - 4. Suppose 2*v + 2*v - 146 = 5*h, -x*v + 68 = -5*h. Calculate the highest common factor of 13 and v.
13
Suppose -6*j = -5*j + 1, -4*j = -3*d + 367. Let f = 9025 - 9014. What is the greatest common divisor of d and f?
11
Let y = -17 - -24. Suppose 5 = 2*n - y. What is the highest common factor of 15 and n?
3
Suppose -13 - 20 = -c. Let m(a) = 6*a**2 + 11*a + 25. Let p be m(-4). What is the highest common divisor of p and c?
11
Let r(n) = -n**3 + 6*n**2 + 7*n + 9. Let o be r(7). Let f be (9/2)/(22/(-44)). Let w = f + 12. Calculate the highest common divisor of o and w.
3
Let p = 249 + -133. Let x(h) = 13*h - 2. Let f be x(3). Let c = -8 + f. What is the highest common factor of p and c?
29
Suppose 0 = -18*o + 171 + 1467. What is the greatest common divisor of 91 and o?
91
Suppose 51*t - 53*t + 104 = 0. Calculate the greatest common divisor of 104 and t.
52
Suppose 3*g = 5*p + 4925, -3*p = -43*g + 40*g + 4929. What is the highest common divisor of 105 and g?
35
Let l = -95 + 106. Let q be (11/l)/((-1)/(-4)). What is the greatest common factor of 92 and q?
4
Suppose -9*g - 78 + 267 = 0. Let h = 186 + 3. What is the greatest common divisor of g and h?
21
Suppose -4*p = 2*t - 62, 0*t + 2*t - 5*p - 44 = 0. Calculate the greatest common divisor of t and 108.
27
Let s = 850 - 178. Let g = -397 + s. What is the highest common factor of 25 and g?
25
Suppose 0 = 2*m - 6 - 2. Suppose 0 = m*t + 3*f - 18, -4*t - 7*f + 3*f = -20. Suppose -t*v + 132 = v. What is the highest common divisor of 22 and v?
11
Let f = 116 + -62. Suppose -76*g + 884 = -224 - 1628. What is the greatest common factor of g and f?
18
Suppose 2*k - 28 = -2. Suppose 54 - 244 = -5*l + 135. What is the greatest common factor of l and k?
13
Suppose 6*v - 330 - 426 = 0. Calculate the highest common divisor of 3 and v.
3
Let d(v) = -v + 19. Let n = 58 + -55. Let l be d(n). Calculate the highest common factor of l and 144.
16
Let n = -64 + 115. What is the greatest common divisor of n and 85?
17
Let g = -31 - -33. Let m be g/6 - 2/6. Suppose 7*f - 5*f - 40 = m. What is the highest common divisor of f and 8?
4
Suppose -b = -0*b - 28. Suppose 2*j + 0*p = -2*p + 90, -5*p = -15. What is the highest common factor of b and j?
14
Let y be (-2 + 8 + 15/(-3))*33. Let n = 153 + 111. Calculate the highest common divisor of n and y.
33
Suppose -21976 - 10362 = -46*t. What is the greatest common factor of t and 19?
19
Let l be (-30)/(-1) - (-3 - (-11 + 4)). What is the greatest common divisor of 143 and l?
13
Let l = 25 + -6. Let j = -6 + l. Let q = -75 - -114. What is the greatest common divisor of j and q?
13
Let o be 4/3*(-63)/(-6). What is the greatest common factor of 154 and o?
14
Suppose -x + 5*n + 28 = 0, 0*x - 2*x = n - 45. Let r(f) = -f**3 - 4*f**2 - 3*f - 7. Let o be r(-7). What is the greatest common factor of x and o?
23
Let u(b) = b**3 + 26*b**2 - 63*b + 20. Let w be u(-28). Calculate the greatest common divisor of w and 96.
24
Let z = -150 - -227. Let i(h) = -5*h - 34. Let o be i(-9). What is the greatest common divisor of z and o?
11
Suppose -4*g + 49 = -0*o - 3*o, -5*o = -2*g + 35. Calculate the highest common factor of 20 and g.
10
Suppose 2*w = q - 6*q + 90, 4*w - 5*q - 150 = 0. Let k(s) = s**3 + 6*s**2 - 9*s + 6. Let b be k(-7). What is the highest common divisor of w and b?
20
Suppose -3*v - 2*r + 4 = -132, 0 = v - 4*r - 22. Calculate the highest common factor of 21 and v.
21
Suppose -b = -3*b + r + 2, b + 3*r = 8. Let p be (-294)/9 + 2/3. Let l be 2/8 + (-568)/p. Calculate the greatest common divisor of b and l.
2
Let r be (0 - (17/2 - 0))*-2. Suppose 2*y = -3*c + 3*y + 154, 4*c = 4*y + 208. Calculate the highest common divisor of r and c.
17
Let l = -86 + 122. Suppose f - 8 + 3 = -2*k, 3*f - l = k. Let n = f - -4. Calculate the highest common factor of 3 and n.
3
Let z be -4*(-12)/16 + -1. Let f = -5 + 7. Suppose x = f*h + z*x - 62, 0 = 5*h + 2*x - 157. What is the highest common divisor of 3 and h?
3
Let v(m) = m - 11. Let c be v(9). Let s(j) = 10*j**2 + 2*j. Let x be s(c). Calculate the greatest common divisor of 4 and x.
4
Let z(s) = -4*s**2 + 19*s + 36. Let f be z(6). What is the greatest common divisor of 1878 and f?
6
Suppose -128*v + 71*v + 1026 = 0. What is the highest common divisor of v and 744?
6
Suppose 62*o = 71*o - 243. Calculate the greatest common divisor of 3 and o.
3
Let k = 20 - 10. Let t(r) = -r**2 - 4*r - 13. Let o be t(0). Let p(f) = -f**2 - 16*f - 9. Let z be p(o). Calculate the highest common divisor of z and k.
10
Let p(r) = 15*r**2 - 89*r + 4. Let n be p(11). What is the highest common divisor of n and 525?
105
Let i be (-37 + 39 - (0 + 3))*-3. Calculate the highest common divisor of 4 and i.
1
Let y(r) = -4*r**2 - r + 3. Let n be y(-4). Let g be (28/(-42))/(2/n). Suppose 557 = 4*v + 177. Calculate the greatest common divisor of v and g.
19
Let x = 2050 + -3054. Let o(w) = w**2 + 2. Let z be o(0). Let i be x/(-8) - (-1)/z. What is the highest common factor of 18 and i?
18
Suppose 0 = -3*r + 5 + 7. Suppose 4*z - 123 = -u, 0 = -r*z - z. What is the greatest common divisor of u and 41?
41
Suppose -3*g - g + 144 = 0. Let f be ((-41657)/42)/(-11) - (-2)/(-12). Calculate the highest common divisor of f and g.
18
Let q be 18/15*(-17)/((-17)/90). Calculate the greatest common factor of 4 and q.
4
Let h = -38 + 40. Suppose 0 = 5*z - h*t + 47 - 271, 2*t = 3*z - 132. Calculate the greatest common divisor of 368 and z.
46
Let i = 61 - 59. Let w be 13 - (-1 + (-6)/i). What is the highest common factor of 136 and w?
17
Let n(q) = 64*q - 564. Let x be n(9). Calculate the highest common factor of 708 and x.
12
Let u be (-1)/(-3)*(-105)/7. Let w be -13*u/(-10)*-2. What is the greatest common factor of 52 and w?
13
Suppose 0 = 5*d - 3*d - 4. Suppose d*w + 2*w - 32 = 0. What is the greatest common divisor of 24 and w?
8
Let c = 711 - 705. What is the highest common factor of 678 and c?
6
Suppose s = 76 - 4. Calculate the highest common divisor of s and 276.
12
Suppose -3*d + 34 = -14. Let p be (28/(-6))/(2 - d/6). Calculate the greatest common factor of p and 1.
1
Let c be (93*(-1 - -2))/3. Suppose -4*l + 1240 = l. What is the highest common factor of l and c?
31
Let z = -28 + 22. Let i(m) = -m**3 - 6*m**2 - 3*m - 9. Let f be i(z). What is the highest common factor of 72 and f?
9
Let v(o) = -18*o - 108. Let w be v(-7). Let r be (0 + (-54)/4)*-12. Calculate the highest common divisor of r and w.
18
Let b(p) = -p**3 - 4*p - 10. Let n be b(-6). Suppose -5*m - 70 + n = 0. Let s(h) = 2*h**2 - 2. Let w be s(5). What is the greatest common factor of w and m?
16
Let a be (-120)/(-14)*(-7)/(-1). Suppose x - 12 = 2. Let k = x + 10. What is the highest common divisor of k and a?
12
Let c = 1108 + 1001. Calculate the greatest common divisor of c and 38.
19
Let h(b) = -69*b + 1. Let w be h(1). Let r = w - -80. What is the greatest common divisor of r and 6?
6
Suppose 0 = 8*c - 224 - 264. Calculate the greatest common factor of c and 793.
61
Let w be ((-13)/(-7))/(145/3045). What is the greatest common divisor of w and 247?
13
Let g = 15 + 13. Let x = 21 - 7. Calculate the highest common factor of x and g.
14
Let h(s) = 2*s - 10. Let p = 27 - 21. Let t be h(p). Let a be -3*(16/(-6) - -2). Calculate the greatest common divisor of t and a.
2
Let i(l) = l**2 - 24*l + 31. Let j be i(23). Let w(z) = 6*z**2 - 3*z - 7. Let s be w(-3). What is the greatest common factor of s and j?
8
Let z be (1 + 56)/(198/330). What is the highest common factor of 10 and z?
5
Let j be 6/(-33) - 30820/(-110). Calculate the greatest common divisor of 70 and j.
